{"id":1223,"date":"2023-10-13T12:14:44","date_gmt":"2023-10-13T15:14:44","guid":{"rendered":"http:\/\/localhost:8085\/transuniao\/?page_id=1223"},"modified":"2025-12-18T15:42:23","modified_gmt":"2025-12-18T18:42:23","slug":"elementor-1223","status":"publish","type":"page","link":"https:\/\/www.transuniao.com.br\/site\/","title":{"rendered":"Home"},"content":{"rendered":"\t\t<div data-elementor-type=\"wp-page\" data-elementor-id=\"1223\" class=\"elementor elementor-1223\" data-elementor-settings=\"{&quot;ha_cmc_init_switcher&quot;:&quot;no&quot;}\" data-elementor-post-type=\"page\">\n\t\t\t\t<div class=\"elementor-element elementor-element-6ede962 e-con-full e-flex e-con e-parent\" data-id=\"6ede962\" data-element_type=\"container\" data-settings=\"{&quot;_ha_eqh_enable&quot;:false}\">\n\t\t\t\t<div class=\"elementor-element elementor-element-6bfe0ba elementor--h-position-center elementor--v-position-middle elementor-arrows-position-inside elementor-pagination-position-inside elementor-widget elementor-widget-slides\" data-id=\"6bfe0ba\" data-element_type=\"widget\" data-settings=\"{&quot;autoplay_speed&quot;:8000,&quot;transition&quot;:&quot;fade&quot;,&quot;navigation&quot;:&quot;both&quot;,&quot;autoplay&quot;:&quot;yes&quot;,&quot;pause_on_interaction&quot;:&quot;yes&quot;,&quot;infinite&quot;:&quot;yes&quot;,&quot;transition_speed&quot;:500}\" data-widget_type=\"slides.default\">\n\t\t\t\t<div class=\"elementor-widget-container\">\n\t\t\t\t\t\t\t\t\t<div class=\"elementor-swiper\">\n\t\t\t\t\t<div class=\"elementor-slides-wrapper elementor-main-swiper swiper\" role=\"region\" aria-roledescription=\"carousel\" aria-label=\"Slides\" dir=\"ltr\" data-animation=\"fadeInUp\">\n\t\t\t\t<div class=\"swiper-wrapper elementor-slides\">\n\t\t\t\t\t\t\t\t\t\t<div class=\"elementor-repeater-item-f023fca swiper-slide\" role=\"group\" aria-roledescription=\"slide\"><div class=\"swiper-slide-bg elementor-ken-burns elementor-ken-burns--in\" role=\"img\"><\/div><div class=\"swiper-slide-inner\" ><div class=\"swiper-slide-contents\"><div class=\"elementor-slide-heading\">Dia do motorista <\/div><div class=\"elementor-slide-description\">2025<\/div><a href=\"https:\/\/www.transuniao.com.br\/site\/dia-do-motorista-2025\/\" class=\"elementor-button elementor-slide-button elementor-size-sm\">VER FOTOS<\/a><\/div><\/div><\/div><div class=\"elementor-repeater-item-58da36a swiper-slide\" role=\"group\" aria-roledescription=\"slide\"><div class=\"swiper-slide-bg elementor-ken-burns elementor-ken-burns--in\" role=\"img\"><\/div><a class=\"swiper-slide-inner\" href=\"https:\/\/www.transuniao.com.br\/site\/linhas\/\"><div class=\"swiper-slide-contents\"><div class=\"elementor-slide-heading\">Linhas<\/div><div class=\"elementor-slide-description\">Veja as linhas atendidas<\/div><div  class=\"elementor-button elementor-slide-button elementor-size-sm\">saiba mais<\/div><\/div><\/a><\/div><div class=\"elementor-repeater-item-b8351b1 swiper-slide\" role=\"group\" aria-roledescription=\"slide\"><div class=\"swiper-slide-bg elementor-ken-burns elementor-ken-burns--in\" role=\"img\"><\/div><div class=\"elementor-background-overlay\"><\/div><a class=\"swiper-slide-inner\" href=\"https:\/\/www.transuniao.com.br\/site\/quem-somos\/\"><div class=\"swiper-slide-contents\"><div class=\"elementor-slide-heading\">Quem somos<\/div><div class=\"elementor-slide-description\">Saiba mais sobre nossa hist\u00f3ria<\/div><div  class=\"elementor-button elementor-slide-button elementor-size-sm\">saiba mais<\/div><\/div><\/a><\/div>\t\t\t\t<\/div>\n\t\t\t\t\t\t\t\t\t\t\t\t\t\t\t<div class=\"elementor-swiper-button elementor-swiper-button-prev\" role=\"button\" tabindex=\"0\" aria-label=\"Previous slide\">\n\t\t\t\t\t\t\t<i aria-hidden=\"true\" class=\"eicon-chevron-left\"><\/i>\t\t\t\t\t\t<\/div>\n\t\t\t\t\t\t<div class=\"elementor-swiper-button elementor-swiper-button-next\" role=\"button\" tabindex=\"0\" aria-label=\"Next slide\">\n\t\t\t\t\t\t\t<i aria-hidden=\"true\" class=\"eicon-chevron-right\"><\/i>\t\t\t\t\t\t<\/div>\n\t\t\t\t\t\t\t\t\t\t\t\t\t\t\t\t<div class=\"swiper-pagination\"><\/div>\n\t\t\t\t\t\t\t\t\t\t\t\t<\/div>\n\t\t\t\t<\/div>\n\t\t\t\t\t\t\t\t<\/div>\n\t\t\t\t<\/div>\n\t\t\t\t<\/div>\n\t\t<div class=\"elementor-element elementor-element-bd825c2 e-flex e-con-boxed e-con e-parent\" data-id=\"bd825c2\" data-element_type=\"container\" data-settings=\"{&quot;background_background&quot;:&quot;gradient&quot;,&quot;_ha_eqh_enable&quot;:false}\">\n\t\t\t\t\t<div class=\"e-con-inner\">\n\t\t\t\t<div class=\"elementor-element elementor-element-6c100e9 animated-slow elementor-invisible elementor-widget elementor-widget-heading\" data-id=\"6c100e9\" data-element_type=\"widget\" data-settings=\"{&quot;_animation&quot;:&quot;fadeInLeft&quot;}\" data-widget_type=\"heading.default\">\n\t\t\t\t<div class=\"elementor-widget-container\">\n\t\t\t\t\t<h3 class=\"elementor-heading-title elementor-size-default\">Quem somos<\/h3>\t\t\t\t<\/div>\n\t\t\t\t<\/div>\n\t\t\t\t<div class=\"elementor-element elementor-element-6545b55 elementor-widget__width-initial elementor-widget-tablet__width-initial animated-slow ha-has-bg-overlay elementor-invisible elementor-widget elementor-widget-text-editor\" data-id=\"6545b55\" data-element_type=\"widget\" data-settings=\"{&quot;_animation&quot;:&quot;fadeInLeft&quot;,&quot;_animation_delay&quot;:300}\" data-widget_type=\"text-editor.default\">\n\t\t\t\t<div class=\"elementor-widget-container\">\n\t\t\t\t\t\t\t\t\t<p><span style=\"font-family: Roboto, sans-serif;\"><span style=\"font-size: 15px;\">Localizada no extremo leste de S\u00e3o Paulo, precisamente na Rua Tib\u00farcio de Sousa, 2083 \u2013 Itaim Paulista, a Transuni\u00e3o Transportes S\/A atua no transporte coletivo urbano, atendendo diariamente os passageiros dos bairros da zona leste da cidade. A estrutura da empresa oferece 100% dos servi\u00e7os necess\u00e1rios ao sistema de trabalho, desde \u00e1rea administrativa at\u00e9 a manuten\u00e7\u00e3o dos ve\u00edculos, tudo distribu\u00eddo em um terreno de 17.524,59m2.\u00a0<\/span><\/span><\/p><p><span style=\"font-family: Roboto, sans-serif;\"><span style=\"font-size: 15px;\">Assim se forma hoje a \u201cTransuni\u00e3o Transportes S\/A\u201d uma empresa de transporte urbano que busca atender as necessidades e expectativa da popula\u00e7\u00e3o da maior cidade do Brasil, visando sua satisfa\u00e7\u00e3o atrav\u00e9s das legisla\u00e7\u00f5es pertinentes, por meio de melhorias cont\u00ednua dos seus servi\u00e7os e processos de desenvolvimento do potencial dos seus acionistas e colaboradores.<\/span><\/span><\/p><p><span style=\"font-family: Roboto, sans-serif;\"><span style=\"font-size: 15px;\">\u00a0<\/span><\/span><\/p>\t\t\t\t\t\t\t\t<\/div>\n\t\t\t\t<\/div>\n\t\t\t\t\t<\/div>\n\t\t\t\t<\/div>\n\t\t<div class=\"elementor-element elementor-element-824e588 e-flex e-con-boxed e-con e-parent\" data-id=\"824e588\" data-element_type=\"container\" data-settings=\"{&quot;background_background&quot;:&quot;classic&quot;,&quot;_ha_eqh_enable&quot;:false}\">\n\t\t\t\t\t<div class=\"e-con-inner\">\n\t\t<div class=\"elementor-element elementor-element-1636368 e-grid e-con-boxed e-con e-child\" data-id=\"1636368\" data-element_type=\"container\" data-settings=\"{&quot;background_background&quot;:&quot;classic&quot;,&quot;background_motion_fx_motion_fx_mouse&quot;:&quot;yes&quot;,&quot;background_motion_fx_mouseTrack_effect&quot;:&quot;yes&quot;,&quot;background_motion_fx_mouseTrack_speed&quot;:{&quot;unit&quot;:&quot;px&quot;,&quot;size&quot;:1,&quot;sizes&quot;:[]},&quot;_ha_eqh_enable&quot;:false}\">\n\t\t\t\t\t<div class=\"e-con-inner\">\n\t\t\t\t<div class=\"elementor-element elementor-element-db2ca39 elementor-widget elementor-widget-image\" data-id=\"db2ca39\" data-element_type=\"widget\" data-widget_type=\"image.default\">\n\t\t\t\t<div class=\"elementor-widget-container\">\n\t\t\t\t\t\t\t\t\t\t\t\t\t\t\t<img fetchpriority=\"high\" decoding=\"async\" width=\"300\" height=\"169\" src=\"https:\/\/www.transuniao.com.br\/site\/wp-content\/uploads\/2025\/12\/ISO-9001certified-300x169.png\" class=\"elementor-animation-bounce-in attachment-medium size-medium wp-image-2625\" alt=\"\" srcset=\"https:\/\/www.transuniao.com.br\/site\/wp-content\/uploads\/2025\/12\/ISO-9001certified-300x169.png 300w, https:\/\/www.transuniao.com.br\/site\/wp-content\/uploads\/2025\/12\/ISO-9001certified-1024x576.png 1024w, https:\/\/www.transuniao.com.br\/site\/wp-content\/uploads\/2025\/12\/ISO-9001certified-768x432.png 768w, https:\/\/www.transuniao.com.br\/site\/wp-content\/uploads\/2025\/12\/ISO-9001certified.png 1352w\" sizes=\"(max-width: 300px) 100vw, 300px\" \/>\t\t\t\t\t\t\t\t\t\t\t\t\t\t\t<\/div>\n\t\t\t\t<\/div>\n\t\t\t\t<div class=\"elementor-element elementor-element-a06454d elementor-widget elementor-widget-image\" data-id=\"a06454d\" data-element_type=\"widget\" data-widget_type=\"image.default\">\n\t\t\t\t<div class=\"elementor-widget-container\">\n\t\t\t\t\t\t\t\t\t\t\t\t\t\t\t<img decoding=\"async\" width=\"300\" height=\"169\" src=\"https:\/\/www.transuniao.com.br\/site\/wp-content\/uploads\/2025\/12\/ISO-14001certified1-300x169.png\" class=\"elementor-animation-bounce-in attachment-medium size-medium wp-image-2624\" alt=\"\" srcset=\"https:\/\/www.transuniao.com.br\/site\/wp-content\/uploads\/2025\/12\/ISO-14001certified1-300x169.png 300w, https:\/\/www.transuniao.com.br\/site\/wp-content\/uploads\/2025\/12\/ISO-14001certified1-1024x576.png 1024w, https:\/\/www.transuniao.com.br\/site\/wp-content\/uploads\/2025\/12\/ISO-14001certified1-768x432.png 768w, https:\/\/www.transuniao.com.br\/site\/wp-content\/uploads\/2025\/12\/ISO-14001certified1.png 1352w\" sizes=\"(max-width: 300px) 100vw, 300px\" \/>\t\t\t\t\t\t\t\t\t\t\t\t\t\t\t<\/div>\n\t\t\t\t<\/div>\n\t\t\t\t<div class=\"elementor-element elementor-element-65f1e5a elementor-widget elementor-widget-image\" data-id=\"65f1e5a\" data-element_type=\"widget\" data-widget_type=\"image.default\">\n\t\t\t\t<div class=\"elementor-widget-container\">\n\t\t\t\t\t\t\t\t\t\t\t\t\t\t\t<img decoding=\"async\" width=\"300\" height=\"169\" src=\"https:\/\/www.transuniao.com.br\/site\/wp-content\/uploads\/2025\/12\/ISO-39001certified-300x169.png\" class=\"elementor-animation-bounce-in attachment-medium size-medium wp-image-2626\" alt=\"\" srcset=\"https:\/\/www.transuniao.com.br\/site\/wp-content\/uploads\/2025\/12\/ISO-39001certified-300x169.png 300w, https:\/\/www.transuniao.com.br\/site\/wp-content\/uploads\/2025\/12\/ISO-39001certified-1024x576.png 1024w, https:\/\/www.transuniao.com.br\/site\/wp-content\/uploads\/2025\/12\/ISO-39001certified-768x432.png 768w, https:\/\/www.transuniao.com.br\/site\/wp-content\/uploads\/2025\/12\/ISO-39001certified.png 1352w\" sizes=\"(max-width: 300px) 100vw, 300px\" \/>\t\t\t\t\t\t\t\t\t\t\t\t\t\t\t<\/div>\n\t\t\t\t<\/div>\n\t\t\t\t\t<\/div>\n\t\t\t\t<\/div>\n\t\t\t\t\t<\/div>\n\t\t\t\t<\/div>\n\t\t<div class=\"elementor-element elementor-element-5961e4c e-flex e-con-boxed e-con e-parent\" data-id=\"5961e4c\" data-element_type=\"container\" data-settings=\"{&quot;background_background&quot;:&quot;classic&quot;,&quot;_ha_eqh_enable&quot;:false}\">\n\t\t\t\t\t<div class=\"e-con-inner\">\n\t\t\t\t<div class=\"elementor-element elementor-element-15f3731 elementor-widget elementor-widget-spacer\" data-id=\"15f3731\" data-element_type=\"widget\" data-widget_type=\"spacer.default\">\n\t\t\t\t<div class=\"elementor-widget-container\">\n\t\t\t\t\t\t\t<div class=\"elementor-spacer\">\n\t\t\t<div class=\"elementor-spacer-inner\"><\/div>\n\t\t<\/div>\n\t\t\t\t\t\t<\/div>\n\t\t\t\t<\/div>\n\t\t\t\t\t<\/div>\n\t\t\t\t<\/div>\n\t\t\t\t<\/div>\n\t\t","protected":false},"excerpt":{"rendered":"<p>Dia do motorista 2025VER FOTOSLinhasVeja as linhas atendidassaiba maisQuem somosSaiba mais sobre nossa hist\u00f3riasaiba mais Quem somos Localizada no extremo leste de S\u00e3o Paulo, precisamente na Rua Tib\u00farcio de Sousa, 2083 \u2013 Itaim Paulista, a Transuni\u00e3o Transportes S\/A atua no transporte coletivo urbano, atendendo diariamente os passageiros dos bairros da zona leste da cidade. A [&hellip;]<\/p>\n","protected":false},"author":1,"featured_media":0,"parent":0,"menu_order":0,"comment_status":"closed","ping_status":"closed","template":"elementor_header_footer","meta":{"footnotes":""},"class_list":["post-1223","page","type-page","status-publish","hentry"],"_links":{"self":[{"href":"https:\/\/www.transuniao.com.br\/site\/wp-json\/wp\/v2\/pages\/1223","targetHints":{"allow":["GET"]}}],"collection":[{"href":"https:\/\/www.transuniao.com.br\/site\/wp-json\/wp\/v2\/pages"}],"about":[{"href":"https:\/\/www.transuniao.com.br\/site\/wp-json\/wp\/v2\/types\/page"}],"author":[{"embeddable":true,"href":"https:\/\/www.transuniao.com.br\/site\/wp-json\/wp\/v2\/users\/1"}],"replies":[{"embeddable":true,"href":"https:\/\/www.transuniao.com.br\/site\/wp-json\/wp\/v2\/comments?post=1223"}],"version-history":[{"count":124,"href":"https:\/\/www.transuniao.com.br\/site\/wp-json\/wp\/v2\/pages\/1223\/revisions"}],"predecessor-version":[{"id":2651,"href":"https:\/\/www.transuniao.com.br\/site\/wp-json\/wp\/v2\/pages\/1223\/revisions\/2651"}],"wp:attachment":[{"href":"https:\/\/www.transuniao.com.br\/site\/wp-json\/wp\/v2\/media?parent=1223"}],"curies":[{"name":"wp","href":"https:\/\/api.w.org\/{rel}","templated":true}]}}